 2122042081 a prime number?
False
Is 14149709237 a composite number?
False
Is 33880674449 a composite number?
True
Is 18880720879 composite?
True
Is 1381741637 a composite number?
False
Is 2016589123 a composite number?
True
Is 60349095289 prime?
False
Is 152441566539 a prime number?
False
Is 119687419957 composite?
True
Is 9875914439 a composite number?
False
Is 59900449 composite?
True
Is 649309567 a composite number?
False
Is 727285607 prime?
True
Is 10866081929 a prime number?
True
Is 10648657919 prime?
False
Is 499951603 a prime number?
False
Is 8850430651 composite?
False
Is 11566876441 a prime number?
True
Is 5923257059 a composite number?
False
Is 290686381 prime?
True
Is 47402082577 a composite number?
False
Is 524248709 prime?
False
Is 27632070853 a prime number?
False
Is 77077076099 prime?
True
Is 341180647 prime?
False
Is 216702181 prime?
False
Is 1909133582 composite?
True
Is 21790647017 a prime number?
True
Is 22358731067 prime?
True
Is 485891599 prime?
True
Is 123728611 prime?
False
Is 28190636413 a composite number?
False
Is 181740298 a prime number?
False
Is 61814390509 a prime number?
True
Is 2279971549 a composite number?
False
Is 2227891031 composite?
True
Is 128495966351 prime?
True
Is 15121804709 a prime number?
False
Is 861546677 composite?
True
Is 19717274459 a prime number?
True
Is 36699427829 composite?
True
Is 8850367091 a prime number?
True
Is 1094223617 prime?
False
Is 3790108781 a composite number?
False
Is 95623738169 composite?
True
Is 296297779 prime?
False
Is 22171489 a prime number?
False
Is 6386133329 a prime number?
True
Is 2402144809 a prime number?
False
Is 461146787 prime?
True
Is 22527894517 prime?
True
Is 442684727 a composite number?
False
Is 66930473 composite?
False
Is 61725008167 prime?
False
Is 4331782493 a prime number?
False
Is 265237751 a prime number?
False
Is 415459321 composite?
False
Is 3596355127 prime?
False
Is 2396532349 a prime number?
False
Is 1669505953 prime?
False
Is 5329583479 prime?
False
Is 6107427961 prime?
True
Is 1881562117 a prime number?
True
Is 1208130377 prime?
True
Is 623234837 composite?
False
Is 681523057 a prime number?
True
Is 2005259777 prime?
False
Is 31419363307 a composite number?
True
Is 6983541179 a prime number?
True
Is 2246459071 prime?
True
Is 4969105007 prime?
True
Is 58858132483 composite?
False
Is 2603254561 composite?
False
Is 8230868161 a composite number?
False
Is 48051774851 a prime number?
True
Is 627792001 prime?
True
Is 12983568677 prime?
False
Is 18081625489 prime?
True
Is 960246259 a composite number?
True
Is 12245431 a prime number?
False
Is 10453501139 prime?
False
Is 475969409 a composite number?
False
Is 52351473326 composite?
True
Is 1984112971 a prime number?
False
Is 1358101894 prime?
False
Is 206904179 composite?
True
Is 61873183819 a prime number?
True
Is 35743755589 a prime number?
True
Is 17753742943 a prime number?
True
Is 129116779027 prime?
False
Is 16702586723 a composite number?
False
Is 2286730141 a composite number?
False
Is 1414004803 prime?
True
Is 59892357923 a prime number?
True
Is 470103299 a composite number?
False
Is 33335381171 composite?
False
Is 2379845613 composite?
True
Is 4744107383 composite?
False
Is 12763121687 a composite number?
False
Is 1956282521 prime?
False
Is 2653665239 a composite number?
False
Is 362350745755 prime?
False
Is 22400320207 a prime number?
True
Is 45271085003 a prime number?
True
Is 19411487759 a composite number?
False
Is 8524066589 prime?
False
Is 8330933567 composite?
True
Is 128810567 composite?
False
Is 557184973 a prime number?
True
Is 129531229 composite?
False
Is 10820788133 a prime number?
False
Is 2550230651 composite?
True
Is 1370425291 prime?
False
Is 1711046593 prime?
True
Is 571101857 prime?
False
Is 30257474207 prime?
False
Is 3932298473 a prime number?
True
Is 889246409 a composite number?
False
Is 1220816327 a composite number?
True
Is 27891497939 a composite number?
True
Is 1053495253 a prime number?
False
Is 37746577 a prime number?
False
Is 702568481 composite?
True
Is 4469171143 a composite number?
True
Is 458041967 prime?
True
Is 45589076971 prime?
True
Is 755102809 prime?
True
Is 4641769241 a composite number?
True
Is 429005987 prime?
False
Is 96061927069 composite?
False
Is 564070103 composite?
False
Is 90903944189 a composite number?
False
Is 3239485097 a prime number?
False
Is 328150561 composite?
False
Is 2344502141 a prime number?
True
Is 21822636613 a prime number?
False
Is 6382369717 a composite number?
False
Is 12188737079 composite?
True
Is 5693859299 composite?
False
Is 1667755909 a prime number?
False
Is 2844774703 a composite number?
True
Is 668090911 a prime number?
True
Is 2110673207 a composite number?
True
Is 7142764481 composite?
True
Is 2158412639 a composite number?
False
Is 719711859 a composite number?
True
Is 9854459317 a composite number?
False
Is 2912762683 composite?
True
Is 33696194293 a composite number?
False
Is 1395114293 prime?
True
Is 3073482121 a composite number?
False
Is 638889107 a composite number?
False
Is 1068495751 a composite number?
True
Is 22072392779 a composite number?
False
Is 771542741 prime?
False
Is 4318573487 prime?
False
Is 33205903027 prime?
False
Is 408060491 composite?
False
Is 3386241377 a composite number?
True
Is 3437765033 prime?
True
Is 16152953887 prime?
False
Is 10738620983 composite?
False
Is 45269280649 a composite number?
False
Is 1568577691 a prime number?
True
Is 2775842327 composite?
True
Is 871758973 prime?
True
Is 187532383 prime?
True
Is 177997215733 composite?
False
Is 819492353 a prime number?
False
Is 42207115631 prime?
False
Is 13616614223 prime?
False
Is 3229634059 prime?
False
Is 107542314037 composite?
True
Is 1684503643 prime?
False
Is 138104445617 a prime number?
True
Is 16550781779 prime?
False
Is 2657116373 a prime number?
False
Is 281213563 a prime number?
True
Is 2192674169 prime?
False
Is 110659651 a prime number?
False
Is 28201671911 a prime number?
False
Is 61806659 composite?
False
Is 1812784009 composite?
False
Is 849146117 a composite number?
False
Is 137088034703 a prime number?
False
Is 40080740691 prime?
False
Is 45892844947 a prime number?
False
Is 1651071887717 composite?
True
Is 4852772473 composite?
False
Is 237718829 composite?
True
Is 85241302 a prime number?
False
Is 183418019 prime?
True
Is 1917437957 composite?
False
Is 9307495919 a prime number?
True
Is 22968788003 composite?
True
Is 1280160523 prime?
False
Is 2005484821 a prime number?
False
Is 97903098647 a prime number?
True
Is 657140893 prime?
True
Is 6635993563 composite?
True
Is 1072977027 a prime number?
False
Is 230687981 composite?
False
Is 3726778967 a prime number?
True
Is 327321961501 a composite number?
False
Is 110941562869 a composite number?
False
Is 13334234453 a prime number?
True
Is 10957317907 prime?
False
Is 1097630509 a prime number?
True
Is 173574389 prime?
True
Is 973214843 composite?
True
Is 1878088309 prime?
False
Is 5810488163 a prime number?
False
Is 20288805695 a prime number?
False
Is 869790179 composite?
True
Is 71291436341 prime?
False
Is 40888394791 composite?
True
Is 921255991 a prime number?
True
Is 23838046303 a prime number?
True
Is 22343047 composite?
False
Is 157155360602 a composite number?
True
Is 2187891757 a composite number?
False
Is 169211308091 prime?
False
Is 1734697414 a prime number?
False
Is 4253875601 prime?
False
Is 58378591 a prime number?
False
Is 1768177423 prime?
False
Is 1028194451 composite?
True
Is 7482276479 a composite number?
False
Is 42830722303 a prime number?
True
Is 10588083071 composite?
False
Is 70072760059 a composite number?
True
Is 1031274953 a prime number?
True
Is 600886901 composite?
False
Is 11643348859 composite?
True
Is 20665511197 a prime number?
False
Is 15701668337 a composite number?
False
Is 21846229781 composite?
False
Is 32825458769 composite?
False
Is 5038540709 a composite number?
True
Is 42075569 prime?
True
Is 229036496771 prime?
True
Is 16361069017 a prime number?
True
Is 168719471 composite?
False
Is 17593247173 a prime number?
True
Is 391304320841 composite?
True
Is 72493739881 a composite number?
True
Is 8628427177 composite?
True
Is 11240897774 a prime number?
False
Is 80915476669 composite?
True
Is 9593079451 composite?
Tru